{"id":6330,"date":"2026-03-02T17:09:08","date_gmt":"2026-03-02T16:09:08","guid":{"rendered":"https:\/\/advocatsferrer.com\/?post_type=servicio&#038;p=6330"},"modified":"2026-03-02T17:22:21","modified_gmt":"2026-03-02T16:22:21","slug":"llei-segona-oportunitat-sabadell","status":"publish","type":"servicio","link":"https:\/\/advocatsferrer.com\/ca\/servei\/llei-segona-oportunitat-sabadell\/","title":{"rendered":"Advocats especialistes en la llei de la segona oportunitat a Sabadell"},"content":{"rendered":"\n<p><strong>Et trobes en una situaci\u00f3 d'endeutament a Sabadell de la qual no pots sortir?<br><\/strong><br>Si vius a Sabadell o voltants i et trobes atrapat en una situaci\u00f3 de sobreendeutament, la <strong>Llei de la Segona Oportunitat<\/strong> pot oferir-te una sortida legal per recuperar l'estabilitat econ\u00f2mica. A <strong>Advocats Ferrer<\/strong>, assessorem persones i aut\u00f2noms de Sabadell que necessiten <strong>una soluci\u00f3 efica\u00e7 davant deutes que ja no poden assumir<\/strong>, actuant sempre amb rodalia, professionalitat i m\u00e0xima transpar\u00e8ncia.<\/p>\n\n\n\n<p>No som una plataforma que porta procediments en massa, amb nosaltres no ser\u00e0s un n\u00famero m\u00e9s. Et donem opci\u00f3 a una visita presencial i sense cost al nostre despatx de Sabadell perqu\u00e8 ens coneguem.<\/p>\n","protected":false},"excerpt":{"rendered":"<p>Et trobes en una situaci\u00f3 d'endeutament a Sabadell de la qual no pots sortir?Si vius a Sabadell o voltants i et trobes atrapat en una situaci\u00f3 de sobreendeutament, la Llei de la Segona Oportunitat pot oferir-te una sortida legal per recuperar l'estabilitat econ\u00f2mica. A Advocats Ferrer, assessorem persones i aut\u00f2noms de Sabadell que necessiten una [&hellip;]<\/p>\n","protected":false},"author":4,"featured_media":6189,"parent":0,"menu_order":0,"template":"","format":"standard","meta":{"_acf_changed":false,"content-type":"","inline_featured_image":false,"footnotes":""},"servicios_cat":[],"class_list":["post-6330","servicio","type-servicio","status-publish","format-standard","has-post-thumbnail","hentry"],"acf":[],"_links":{"self":[{"href":"https:\/\/advocatsferrer.com\/ca\/wp-json\/wp\/v2\/servicio\/6330","targetHints":{"allow":["GET"]}}],"collection":[{"href":"https:\/\/advocatsferrer.com\/ca\/wp-json\/wp\/v2\/servicio"}],"about":[{"href":"https:\/\/advocatsferrer.com\/ca\/wp-json\/wp\/v2\/types\/servicio"}],"author":[{"embeddable":true,"href":"https:\/\/advocatsferrer.com\/ca\/wp-json\/wp\/v2\/users\/4"}],"version-history":[{"count":2,"href":"https:\/\/advocatsferrer.com\/ca\/wp-json\/wp\/v2\/servicio\/6330\/revisions"}],"predecessor-version":[{"id":6332,"href":"https:\/\/advocatsferrer.com\/ca\/wp-json\/wp\/v2\/servicio\/6330\/revisions\/6332"}],"wp:featuredmedia":[{"embeddable":true,"href":"https:\/\/advocatsferrer.com\/ca\/wp-json\/wp\/v2\/media\/6189"}],"wp:attachment":[{"href":"https:\/\/advocatsferrer.com\/ca\/wp-json\/wp\/v2\/media?parent=6330"}],"wp:term":[{"taxonomy":"servicios_cat","embeddable":true,"href":"https:\/\/advocatsferrer.com\/ca\/wp-json\/wp\/v2\/servicios_cat?post=6330"}],"curies":[{"name":"wp","href":"https:\/\/api.w.org\/{rel}","templated":true}]}}

<p><strong>Et trobes en una situació d'endeutament a Sabadell de la qual no pots sortir?<br></strong><br>Si vius a Sabadell o voltants i et trobes atrapat en una situació de sobreendeutament, la <strong>Llei de la Segona Oportunitat</strong> pot oferir-te una sortida legal per recuperar l'estabilitat econòmica. A <strong>Advocats Ferrer</strong>, assessorem persones i autònoms de Sabadell que necessiten <strong>una solució eficaç davant deutes que ja no poden assumir</strong>, actuant sempre amb rodalia, professionalitat i màxima transparència.</p>



<p>No som una plataforma que porta procediments en massa, amb nosaltres no seràs un número més. Et donem opció a una visita presencial i sense cost al nostre despatx de Sabadell perquè ens coneguem.</p>

<p>Et trobes en una situació d'endeutament a Sabadell de la qual no pots sortir?Si vius a Sabadell o voltants i et trobes atrapat en una situació de sobreendeutament, la Llei de la Segona Oportunitat pot oferir-te una sortida legal per recuperar l'estabilitat econòmica. A Advocats Ferrer, assessorem persones i autònoms de Sabadell que necessiten una [&hellip;]</p>
