{"id":6315,"date":"2026-03-02T16:34:28","date_gmt":"2026-03-02T15:34:28","guid":{"rendered":"https:\/\/advocatsferrer.com\/?post_type=servicio&#038;p=6315"},"modified":"2026-03-02T17:01:08","modified_gmt":"2026-03-02T16:01:08","slug":"llei-segona-oportunitat-terrassa","status":"publish","type":"servicio","link":"https:\/\/advocatsferrer.com\/ca\/servei\/llei-segona-oportunitat-terrassa\/","title":{"rendered":"Advocats de la llei de la segona oportunitat a Terrassa"},"content":{"rendered":"\n<p><strong>\u00bfVius a Terrassa i els deutes s'han convertit en una c\u00e0rrega impossible d'assumir?<\/strong><\/p>\n\n\n\n<p>Si est\u00e0s llegint aix\u00f2, \u00e9s probable que estiguis travessant una situaci\u00f3 econ\u00f2mica complicada. Amb l'ajuda d'un advocat especialitzat en la <strong>Llei de la Segona Oportunitat a Terrassa<\/strong>, en nom\u00e9s tres passos podr\u00e0s cancel\u00b7lar els teus deutes, sense haver d'enfrontar-te a la p\u00e8rdua de la teva vivenda o el teu vehicle.<\/p>\n\n\n\n<p>Al nostre despatx, valorem el teu temps i entenem la teva situaci\u00f3, \u00e9s per aix\u00f2 que oferim un tracte proper i personalitzat des del principi. <strong>NO som una plataforma i reclamaci\u00f3 en massa<\/strong>. Ens importa ajudar-te a cancel\u00b7lar els teus deutes i revertir la teva situaci\u00f3.<\/p>\n\n\n\n<p><\/p>\n","protected":false},"excerpt":{"rendered":"<p>\u00bfVius a Terrassa i els deutes s'han convertit en una c\u00e0rrega impossible d'assumir? Si est\u00e0s llegint aix\u00f2, \u00e9s probable que estiguis travessant una situaci\u00f3 econ\u00f2mica complicada. Amb l'ajuda d'un advocat especialitzat en la Llei de la Segona Oportunitat a Terrassa, en nom\u00e9s tres passos podr\u00e0s cancel\u00b7lar els teus deutes, sense haver d'enfrontar-te a la p\u00e8rdua [&hellip;]<\/p>\n","protected":false},"author":9,"featured_media":1994,"parent":0,"menu_order":0,"template":"","format":"standard","meta":{"_acf_changed":false,"content-type":"","inline_featured_image":false,"footnotes":""},"servicios_cat":[],"class_list":["post-6315","servicio","type-servicio","status-publish","format-standard","has-post-thumbnail","hentry"],"acf":[],"_links":{"self":[{"href":"https:\/\/advocatsferrer.com\/ca\/wp-json\/wp\/v2\/servicio\/6315","targetHints":{"allow":["GET"]}}],"collection":[{"href":"https:\/\/advocatsferrer.com\/ca\/wp-json\/wp\/v2\/servicio"}],"about":[{"href":"https:\/\/advocatsferrer.com\/ca\/wp-json\/wp\/v2\/types\/servicio"}],"author":[{"embeddable":true,"href":"https:\/\/advocatsferrer.com\/ca\/wp-json\/wp\/v2\/users\/9"}],"version-history":[{"count":6,"href":"https:\/\/advocatsferrer.com\/ca\/wp-json\/wp\/v2\/servicio\/6315\/revisions"}],"predecessor-version":[{"id":6322,"href":"https:\/\/advocatsferrer.com\/ca\/wp-json\/wp\/v2\/servicio\/6315\/revisions\/6322"}],"wp:featuredmedia":[{"embeddable":true,"href":"https:\/\/advocatsferrer.com\/ca\/wp-json\/wp\/v2\/media\/1994"}],"wp:attachment":[{"href":"https:\/\/advocatsferrer.com\/ca\/wp-json\/wp\/v2\/media?parent=6315"}],"wp:term":[{"taxonomy":"servicios_cat","embeddable":true,"href":"https:\/\/advocatsferrer.com\/ca\/wp-json\/wp\/v2\/servicios_cat?post=6315"}],"curies":[{"name":"wp","href":"https:\/\/api.w.org\/{rel}","templated":true}]}}

<p><strong>¿Vius a Terrassa i els deutes s'han convertit en una càrrega impossible d'assumir?</strong></p>



<p>Si estàs llegint això, és probable que estiguis travessant una situació econòmica complicada. Amb l'ajuda d'un advocat especialitzat en la <strong>Llei de la Segona Oportunitat a Terrassa</strong>, en només tres passos podràs cancel·lar els teus deutes, sense haver d'enfrontar-te a la pèrdua de la teva vivenda o el teu vehicle.</p>



<p>Al nostre despatx, valorem el teu temps i entenem la teva situació, és per això que oferim un tracte proper i personalitzat des del principi. <strong>NO som una plataforma i reclamació en massa</strong>. Ens importa ajudar-te a cancel·lar els teus deutes i revertir la teva situació.</p>



<p></p>

<p>¿Vius a Terrassa i els deutes s'han convertit en una càrrega impossible d'assumir? Si estàs llegint això, és probable que estiguis travessant una situació econòmica complicada. Amb l'ajuda d'un advocat especialitzat en la Llei de la Segona Oportunitat a Terrassa, en només tres passos podràs cancel·lar els teus deutes, sense haver d'enfrontar-te a la pèrdua [&hellip;]</p>
