{"id":2497,"date":"2022-02-24T16:29:47","date_gmt":"2022-02-24T15:29:47","guid":{"rendered":"https:\/\/advocatsferrer.com\/aviso-legal\/"},"modified":"2025-05-09T09:30:14","modified_gmt":"2025-05-09T07:30:14","slug":"aviso-legal","status":"publish","type":"page","link":"https:\/\/advocatsferrer.com\/ca\/aviso-legal\/","title":{"rendered":"Av\u00eds Legal"},"content":{"rendered":"\n<h1 class=\"wp-block-heading\">Av\u00eds Legal<\/h1>\n\n\n\n\n\n<h2 class=\"wp-block-heading has-medium-font-size\" id=\"datos-fiscales\">Dades fiscals<\/h2>\n\n\n\n<ul class=\"wp-block-list\">\n<li>Titular: FERRER & NIN ADVOCATS, SLP<\/li>\n\n\n\n<li>NIF: B65489296 <\/li>\n\n\n\n<li>Direcci\u00f3n: Rambla, 5, 4a planta Sabadell, Barcelona 08202 <\/li>\n\n\n\n<li>Tel\u00e9fono: 937275965<\/li>\n<\/ul>\n\n\n\n<h2 class=\"wp-block-heading has-medium-font-size\" id=\"proteccion-de-datos-personales\">Protecci\u00f3 de dades personals<\/h2>\n\n\n\n<p>Les dades de car\u00e0cter personal que es recullen a trav\u00e9s de la p\u00e0gina web, s\u00f3n \u00fanicament utilitzats a l'efecte de prestar els serveis sol\u00b7licitats aix\u00ed com procedir a la facturaci\u00f3 d'aquests. Les seves dades seran situades en fitxers titularitat de [nom_fiscal] a l'efecte de facturaci\u00f3 i seran arxivats pel per\u00edode de temps legalment necessari. Vost\u00e8 podr\u00e0 exercir els drets d'acc\u00e9s, rectificaci\u00f3, cancel\u00b7laci\u00f3 i oposici\u00f3 per escrit a [nom_fiscal] en Rambla, 5, 4a planta Sabadell, Barcelona 08202 .<\/p>\n\n\n\n<h2 class=\"wp-block-heading has-medium-font-size\" id=\"propiedad-intelectual-y-responsabilidad-sobre-los-contenidos\">Propietat intel\u00b7lectual i responsabilitat sobre els continguts<\/h2>\n\n\n\n<p>Queda prohibit qualsevol \u00fas de tots els continguts de la p\u00e0gina web, concretament sobre els textos, disseny i codi font, sense l'autoritzaci\u00f3 expressa dels seus titulars. Qualsevol \u00fas no perm\u00e8s ser\u00e0 degudament perseguit pels leg\u00edtims propietaris.<\/p>\n\n\n\n<p>El titular de la p\u00e0gina web no es fa responsable dels continguts als quals es dirigeixen els enlla\u00e7os situats en aquesta, segons el que estableix l'article 17 de la LSSICE.<\/p>\n","protected":false},"excerpt":{"rendered":"<p>Av\u00eds Legal Dades fiscals Protecci\u00f3 de dades personals Les dades de car\u00e0cter personal que es recullen a trav\u00e9s de la p\u00e0gina web, s\u00f3n \u00fanicament utilitzats a l'efecte de prestar els serveis sol\u00b7licitats aix\u00ed com procedir a la facturaci\u00f3 d'aquests. Les seves dades seran situades en fitxers titularitat de [nom_fiscal] a l'efecte de facturaci\u00f3 i seran [&hellip;]<\/p>\n","protected":false},"author":4,"featured_media":0,"parent":0,"menu_order":0,"comment_status":"closed","ping_status":"closed","template":"","meta":{"_acf_changed":false,"content-type":"","inline_featured_image":false,"footnotes":""},"class_list":["post-2497","page","type-page","status-publish","hentry"],"acf":[],"_links":{"self":[{"href":"https:\/\/advocatsferrer.com\/ca\/wp-json\/wp\/v2\/pages\/2497","targetHints":{"allow":["GET"]}}],"collection":[{"href":"https:\/\/advocatsferrer.com\/ca\/wp-json\/wp\/v2\/pages"}],"about":[{"href":"https:\/\/advocatsferrer.com\/ca\/wp-json\/wp\/v2\/types\/page"}],"author":[{"embeddable":true,"href":"https:\/\/advocatsferrer.com\/ca\/wp-json\/wp\/v2\/users\/4"}],"replies":[{"embeddable":true,"href":"https:\/\/advocatsferrer.com\/ca\/wp-json\/wp\/v2\/comments?post=2497"}],"version-history":[{"count":0,"href":"https:\/\/advocatsferrer.com\/ca\/wp-json\/wp\/v2\/pages\/2497\/revisions"}],"wp:attachment":[{"href":"https:\/\/advocatsferrer.com\/ca\/wp-json\/wp\/v2\/media?parent=2497"}],"curies":[{"name":"wp","href":"https:\/\/api.w.org\/{rel}","templated":true}]}}

Avís Legal

<h1 class="wp-block-heading">Avís Legal</h1>





<h2 class="wp-block-heading has-medium-font-size" id="datos-fiscales">Dades fiscals</h2>



<ul class="wp-block-list">
<li>Titular: FERRER & NIN ADVOCATS, SLP</li>



<li>NIF: B65489296 </li>



<li>Dirección: Rambla, 5, 4a planta Sabadell, Barcelona 08202 </li>



<li>Teléfono: 937275965</li>
</ul>



<h2 class="wp-block-heading has-medium-font-size" id="proteccion-de-datos-personales">Protecció de dades personals</h2>



<p>Les dades de caràcter personal que es recullen a través de la pàgina web, són únicament utilitzats a l'efecte de prestar els serveis sol·licitats així com procedir a la facturació d'aquests. Les seves dades seran situades en fitxers titularitat de [nom_fiscal] a l'efecte de facturació i seran arxivats pel període de temps legalment necessari. Vostè podrà exercir els drets d'accés, rectificació, cancel·lació i oposició per escrit a [nom_fiscal] en Rambla, 5, 4a planta Sabadell, Barcelona 08202 .</p>



<h2 class="wp-block-heading has-medium-font-size" id="propiedad-intelectual-y-responsabilidad-sobre-los-contenidos">Propietat intel·lectual i responsabilitat sobre els continguts</h2>



<p>Queda prohibit qualsevol ús de tots els continguts de la pàgina web, concretament sobre els textos, disseny i codi font, sense l'autorització expressa dels seus titulars. Qualsevol ús no permès serà degudament perseguit pels legítims propietaris.</p>



<p>El titular de la pàgina web no es fa responsable dels continguts als quals es dirigeixen els enllaços situats en aquesta, segons el que estableix l'article 17 de la LSSICE.</p>

<p>Avís Legal Dades fiscals Protecció de dades personals Les dades de caràcter personal que es recullen a través de la pàgina web, són únicament utilitzats a l'efecte de prestar els serveis sol·licitats així com procedir a la facturació d'aquests. Les seves dades seran situades en fitxers titularitat de [nom_fiscal] a l'efecte de facturació i seran [&hellip;]</p>
